
7
What is the thousands digit of 3483?
3
What is the units digit of 2511?
1
What is the thousands digit of 19128?
9
What is the hundreds digit of 1165?
1
What is the hundreds digit of 3205?
2
What is the tens digit of 1089?
8
What is the thousands digit of 1398?
1
What is the thousands digit of 8967?
8
What is the units digit of 10902?
2
What is the thousands digit of 1494?
1
What is the units digit of 507?
7
What is the hundreds digit of 83223?
2
What is the ten thousands digit of 11909?
1
What is the thousands digit of 32187?
2
What is the hundreds digit of 324?
3
What is the tens digit of 190?
9
What is the tens digit of 10170?
7
What is the ten thousands digit of 63205?
6
What is the tens digit of 785?
8
What is the units digit of 1115?
5
What is the units digit of 58891?
1
What is the thousands digit of 23911?
3
What is the hundreds digit of 20465?
4
What is the thousands digit of 146960?
6
What is the units digit of 72984?
4
What is the units digit of 17469?
9
What is the units digit of 8418?
8
What is the units digit of 227?
7
What is the units digit of 1956?
6
What is the tens digit of 2708?
0
What is the hundreds digit of 3064?
0
What is the units digit of 164342?
2
What is the tens digit of 396?
9
What is the tens digit of 2161?
6
What is the thousands digit of 7894?
7
What is the hundreds digit of 1967?
9
What is the thousands digit of 17276?
7
What is the thousands digit of 12420?
2
What is the thousands digit of 24358?
4
What is the tens digit of 6252?
5
What is the tens digit of 4715?
1
What is the hundreds digit of 1261?
2
What is the hundreds digit of 13994?
9
What is the ten thousands digit of 26950?
2
What is the units digit of 2442?
2
What is the units digit of 3029?
9
What is the ten thousands digit of 32090?
3
What is the units digit of 570?
0
What is the hundreds digit of 11276?
2
What is the hundreds digit of 5869?
8
What is the hundreds digit of 2694?
6
What is the tens digit of 25981?
8
What is the hundreds digit of 10500?
5
What is the hundreds digit of 58769?
7
What is the units digit of 444?
4
What is the tens digit of 28047?
4
What is the hundreds digit of 6083?
0
What is the ten thousands digit of 110232?
1
What is the tens digit of 37254?
5
What is the hundreds digit of 6636?
6
What is the hundreds digit of 2080?
0
What is the thousands digit of 6338?
6
What is the thousands digit of 52706?
2
What is the hundreds digit of 21301?
3
What is the thousands digit of 1365?
1
What is the ten thousands digit of 20203?
2
What is the tens digit of 19313?
1
What is the hundreds digit of 944?
9
What is the units digit of 31992?
2
What is the hundreds digit of 2427?
4
What is the tens digit of 77397?
9
What is the thousands digit of 24217?
4
What is the units digit of 60254?
4
What is the units digit of 3783?
3
What is the thousands digit of 11844?
1
What is the hundreds digit of 1119?
1
What is the hundreds digit of 20885?
8
What is the hundreds digit of 29569?
5
What is the units digit of 2421?
1
What is the tens digit of 418?
1
What is the thousands digit of 70117?
0
What is the tens digit of 1936?
3
What is the units digit of 159?
9
What is the tens digit of 118072?
7
What is the hundreds digit of 923?
9
What is the tens digit of 11795?
9
What is the hundreds digit of 26257?
2
What is the thousands digit of 113368?
3
What is the thousands digit of 1829?
1
What is the thousands digit of 8230?
8
What is the units digit of 9?
9
What is the tens digit of 6920?
2
What is the units digit of 1409?
9
What is the units digit of 216?
6
What is the units digit of 1903?
3
What is the units digit of 586?
6
What is the tens digit of 100438?
3
What is the thousands digit of 1429?
1
What is the thousands digit of 128104?
8
What is the tens digit of 959?
5
What is the thousands digit of 6942?
6
What is the ten thousands digit of 27978?
2
What is the tens digit of 1141?
4
What is the units digit of 4417?
7
What is the hundreds digit of 210?
2
What is the tens digit of 265?
6
What is the tens digit of 919?
1
What is the tens digit of 13228?
2
What is the tens digit of 1934?
3
What is the tens digit of 18715?
1
What is the tens digit of 54029?
2
What is the tens digit of 614?
1
What is the thousands digit of 2098?
2
What is the tens digit of 1400?
0
What is the units digit of 1321?
1
What is the tens digit of 664?
6
What is the tens digit of 79361?
6
What is the units digit of 3173?
3
What is the hundreds digit of 71188?
1
What is the units digit of 41887?
7
What is the ten thousands digit of 95306?
9
What is the hundreds digit of 1623?
6
What is the thousands digit of 6585?
6
What is the tens digit of 2928?
2
What is the hundreds digit of 4023?
0
What is the tens digit of 48973?
7
What is the units digit of 4707?
7
What is the tens digit of 17885?
8
What is the units digit of 867?
7
What is the hundreds digit of 2587?
5
What is the units digit of 4560?
0
What is the hundreds digit of 50830?
8
What is the hundreds digit of 189?
1
What is the hundreds digit of 21798?
7
What is the units digit of 351?
1
What is the units digit of 2156?
6
What is the tens digit of 88345?
4
What is the units digit of 76657?
7
What is the tens digit of 17926?
2
What is the thousands digit of 1558?
1
What is the units digit of 536?
6
What is the units digit of 22599?
9
What is the ten thousands digit of 125394?
2
What is the tens digit of 94612?
1
What is the tens digit of 7575?
7
What is the ten thousands digit of 10217?
1
What is the tens digit of 453?
5
What is the units digit of 46061?
1
What is the units digit of 5040?
0
What is the thousands digit of 7567?
7
What is the units digit of 6059?
9
What is the hundreds digit of 744?
7
What is the tens digit of 593?
9
What is the units digit of 1643?
3
What is the hundreds digit of 91521?
5
What is the units digit of 18479?
9
What is the tens digit of 5569?
6
What is the thousands digit of 1242?
1
What is the tens digit of 1887?
8
What is the units digit of 1675?
5
What is the hundreds digit of 5964?
9
What is the tens digit of 25825?
2
What is the ten thousands digit of 21775?
2
What is the tens digit of 17433?
3
What is the units digit of 76292?
2
What is the hundreds digit of 6394?
3
What is the hundreds digit of 44523?
5
What is the thousands digit of 20534?
0
What is the thousands digit of 89734?
9
What is the hundreds digit of 819?
8
What is the ten thousands digit of 94870?
9
What is the units digit of 182399?
9
What is the hundreds digit of 394?
3
What is the tens digit of 690?
9
What is the units digit of 281?
1
What is the tens digit of 619?
1
What is the thousands digit of 5326?
5
What is the ten thousands digit of 10383?
1
What is the hundreds digit of 63798?
7
What is the thousands digit of 17577?
7
What is the hundreds digit of 832?
8
What is the hundreds digit of 3914?
9
What is the tens digit of 6752?
5
What is the hundreds digit of 2904?
9
What is the units digit of 53491?
1
What is the hundreds digit of 4237?
2
What is the thousands digit of 158236?
8
What is the tens digit of 6462?
6
What is the units digit of 2514?
4
What is the hundreds digit of 8464?
4
What is the hundreds digit of 16202?
2
What is the units digit of 6339?
9
What is the hundreds digit of 144?
1
What is the units digit of 67?
7
What is the hundreds digit of 492?
4
What is the hundreds digit of 546?
5
What is the units digit of 3689?
9
What is the tens digit of 300?
0
What is the hundreds digit of 21884?
8
What is the tens digit of 1826?
2
What is the ten thousands digit of 11653?
1
What is the ten thousands digit of 52258?
5
What is the hundreds digit of 138575?
5
What is the tens digit of 420?
2
What is the units digit of 5269?
9
What is the units digit of 66616?
6
What is the units digit of 160862?
2
What is the thousands digit of 1833?
1
What is the hundreds digit of 27479?
4
What is the thousands digit of 2970?
2
What is the thousands digit of 16447?
6
What is the hundreds digit of 446?
4
What is the hundreds digit of 654?
6
What is the ten thousands digit of 55539?
5
What is the units digit of 23?
3
What is the units digit of 1038?
8
What is the tens digit of 3702?
0
What is the thousands digit of 203187?
3
What is the tens digit of 318?
1
What is the tens digit of 52655?
5
What is the ten thousands digit of 30749?
3